 Suppose 0*n - 4*n = 2*d + 22, -17 = 4*n - p*d. Let o = n - -6. What is the units digit of o?
1
What is the tens digit of 2/2*1 - 9024/(-32)?
8
Let j be (-1)/(4/(-88)) + 3. Let t = j + -13. What is the units digit of t?
2
Suppose 4 = 2*r - 34. What is the units digit of r?
9
Let m(u) = -1 + 8 + u - 4*u**2 - 13*u**3 + 16*u**3. What is the tens digit of m(3)?
5
Let r be 3/9 + (-38)/6. What is the tens digit of (-74)/r - (-8)/12?
1
Let a be 31/2 - 24/(-16). Let p = a + -8. What is the tens digit of (-112)/(-6) - 6/p?
1
Let q = -11 + 6. Let k(o) = -1. Let s(j) = j**2 + 6*j - 1. Let y(u) = -5*k(u) - s(u). What is the tens digit of y(q)?
1
Let c be ((-3)/6)/(1/82). Let j = 101 + c. Suppose -r = -6*r + j. What is the units digit of r?
2
Let k = -3 - -7. Suppose 27 = m + k*w, -m + w + 125 = 3*m. What is the units digit of m?
1
What is the tens digit of ((-67)/2)/((-11)/22)?
6
Suppose -a = -4*a + 2*t + 2, 4*a = t + 11. Suppose -18 = -2*i + 2*o, a*i + 4*o = 3*o + 51. What is the units digit of i?
2
Let r(k) = 3*k**3 - 4*k**2 + 3*k + 2. Let p be r(3). Suppose -4 = -3*v + p. What is the tens digit of v?
2
Suppose 0 = -2*r + g + 110, 130 = 5*r + 2*g - 154. What is the tens digit of r?
5
Let c = -4 - -56. What is the tens digit of c?
5
Suppose 0 = -r - 4*z + 28, -4*r + 236 - 56 = -z. What is the units digit of r?
4
Suppose -3*z + 2 = 3*d + 5, 3*d - 5*z + 43 = 0. What is the units digit of ((-8)/(-6))/(d/(-36))?
8
Suppose 0 = -m, 0*i + 2*m - 27 = -3*i. Suppose -i*c + 10 = -4*c. Suppose c*z - 5 - 11 = 0. What is the units digit of z?
8
Let c(x) = -x**2 + 4*x - 4. Let w be c(4). Let h = 3 + w. What is the units digit of -2 - -2 - (-9 - h)?
8
Let r = 415 + -93. What is the hundreds digit of r?
3
Suppose -9*p = -11*p + 330. What is the units digit of p?
5
Let l = 181 + -67. What is the tens digit of l?
1
Let i(d) = 11*d + 5. Let n = -17 - -12. Let a(z) = 7*z + 3. Let o(c) = n*i(c) + 8*a(c). What is the units digit of o(3)?
2
Let x(v) be the second derivative of 1/12*v**4 - v**2 + 0 + 0*v**3 + 1/20*v**5 + v. What is the tens digit of x(2)?
1
Let q(w) = w**3 + 2*w**2 - 5*w + 7. What is the tens digit of q(5)?
5
Suppose -2*p - 6 = -26. Let g(s) = 4*s - 10. What is the units digit of g(p)?
0
What is the units digit of (-93)/2*(-4)/6?
1
Let b(k) = -k**3 + 10*k**2 - 9*k - 4. Let q be b(9). Let v be q*(1/(-2) + 1). What is the units digit of (6/(-2))/(v/6)?
9
Suppose -4*w + 7*w - 171 = 0. What is the tens digit of w?
5
Let h be (3/(-3) + 1)*-1. Suppose -m + h*m = -8. What is the units digit of m?
8
Let w be 72/20 - (-6)/(-10). Suppose w*d + 0*d = 18. What is the units digit of d?
6
Let d(w) = -w**3 + w**2 - 3*w + 2. Let i be d(3). Let q = i - -35. What is the units digit of q?
0
Let a(j) = -j**2 + 8*j - 4. Let k be a(7). Suppose 0 = k*m - c - 7, -3*m + 4*c + 0*c + 19 = 0. Suppose 3*d - m = 2. What is the units digit of d?
1
Suppose 4*o - 240 = 2*o. Suppose 7*u - o = 4*u. What is the units digit of u?
0
What is the tens digit of (-14)/(-4)*(6 + 2)?
2
Suppose -5*d - d = -594. What is the tens digit of d?
9
Let m be 8/28 - 66/(-14). Let a(t) = t**3 - 6*t**2 + 4*t - 1. Let d be a(m). What is the units digit of (d + 4)*2/(-4)?
1
Suppose 0 = 4*p - 161 + 9. Let h = p - 26. What is the units digit of (3/2)/(2/h)?
9
Suppose -f - c = -74, -3*f + 3*c = 4 - 250. What is the tens digit of f?
7
Let s be (-3)/((-3)/(-2)) + -2. Let k = 6 + s. Suppose -b = -4*b + 3*h + 21, k*b - 4*h = 18. What is the units digit of b?
5
Let a = 7 + -1. What is the tens digit of ((-26)/a)/((-4)/24)?
2
Let i be (-5)/2*(-4)/10. Let q = 0 - -5. Let d = q - i. What is the units digit of d?
4
Suppose 228 = 4*s - 196. What is the units digit of s?
6
Let p(l) = 5*l**2 + 4*l + 3. What is the tens digit of p(-2)?
1
Let w = -1 + 3. What is the tens digit of (-4)/6*(-13 - w)?
1
Let p(c) = c**3 - 3*c**2 - 3*c. Let l be p(4). Suppose 78 = l*k - 2*k. Let o = k - 27. What is the tens digit of o?
1
Let o be 9/27 - 202/(-6). Suppose -o = 5*d - 114. What is the units digit of d?
6
Let f(x) = 6*x**3 - x**2. Suppose -2*u - 4*k = 2, -4*u + 0*u + 2 = 2*k. What is the units digit of f(u)?
5
Let d = -27 + 41. Suppose 2*u = -0*u + d. Suppose 2*v + 85 = u*v. What is the tens digit of v?
1
Let o(l) = l - 1. Suppose 3*q - 16 = -h, -h + 6 = 2*h - 5*q. What is the units digit of o(h)?
6
Let d(j) = -3*j + 4. Let p(x) = x - 1. Let h(b) = -d(b) - 2*p(b). What is the units digit of h(5)?
3
Let k(b) = 2*b**3 - b + 1. Let u be k(1). Suppose 4*c + 3 = -3*p + 23, -u*c = -2*p + 4. What is the units digit of ((-48)/(-30))/(c/5)?
4
Let h be 23/(-7) + (-6)/(-21). Let m(t) = 3*t**2 + 2*t - 3. Let q be m(h). Let a = q - 5. What is the units digit of a?
3
Suppose 5*x + 33 = y + 3*y, -3*y = -2*x - 30. What is the units digit of (4 - 1)*16/y?
4
Suppose 2*k - 3*q = 36, 3*k - 2*k + 3*q = 36. Let y = -7 + k. What is the units digit of y?
7
Let t(y) = -y - 1. Let i be t(-5). Suppose i*v = -j + 4*j - 119, 0 = 4*j - 3*v - 168. What is the tens digit of j?
4
What is the units digit of 1/((-6)/28 - (-2)/7)?
4
Let i be 1 - (3 + (-51)/3). Let z be i/6*(-8)/(-2). What is the units digit of 6/8*(2 + z)?
9
Let n be (-12)/4 + (-27)/(-3). Suppose q - 11 = -n*f + 2*f, 0 = -3*f + 6. What is the units digit of q?
3
Suppose 14 = 3*c + 2*g, 0*c + 3*c - 13 = -g. Suppose 5*t = 3*v - 79, c*v + 2*t - 67 = -5. What is the tens digit of v?
1
Let g be ((-6)/(-1))/3 - 0. Let i(r) = 0*r**3 + 5*r + r**3 - 5 + 2*r**g + 6 + 4*r**2. What is the units digit of i(-5)?
1
Suppose 0 = 3*m - 7*m + 88. Let t = -6 + m. What is the units digit of t?
6
Let q(y) = -y + 8. Let c be q(8). What is the units digit of 25 - (6 + -3 + c)?
2
Suppose -3*j + 6 + 12 = 0. Suppose 12 = 3*v, -j*w + 3*w - 5*v = -26. What is the units digit of w?
2
What is the tens digit of (-1380)/(-35) - 6/14?
3
Suppose -3*t = -m - 0 - 1, 2*m + 3*t - 16 = 0. Suppose m*q - s - 18 = 0, 2*q - 8 = s - 2. Suppose 0 - q = -4*r - a, 0 = -a. What is the units digit of r?
1
Suppose -w = 3, 0 - 1 = -v - w. What is the units digit of v?
4
Suppose -2*h - 175 = 4*s - 17, -5*h = -5. Let x = 70 + s. What is the units digit of x?
0
Let d(j) = 3*j**2 + 2*j - 5. Suppose -2*c = -2*z - 8, 4*z + 16 = -0*z - 4*c. Let b be d(z). Suppose 6*l - b = l. What is the units digit of l?
7
Let d(a) be the third derivative of a**6/120 - a**5/15 + 5*a**4/24 - 2*a**3/3 + a**2. What is the units digit of d(3)?
2
Let f be (-2)/(-10) + (-7)/35. Let n = 3 - 1. Suppose -4*l + g + 56 = f, -n = 2*l - 2*g - 36. What is the units digit of l?
3
Let h be (-88)/(-6) + 2/6. Suppose -6*a + h = -a. Suppose 1 = a*x - 11. What is the units digit of x?
4
Let a be 2*((-3)/6 + 3). Suppose 25 = a*u + 5. What is the units digit of u?
4
Suppose 4*p + 6 + 6 = 0. Let q be (-3)/9*p + -12. Let x = 16 + q. What is the units digit of x?
5
Let j(d) = -d - 3. Suppose -u = -2*u - 6. Let q be j(u). Suppose -5*y = g - 1, -5*g = -y + q*y - 5. What is the units digit of g?
1
Let a(i) = -i**3 + 7*i**2 - 3*i - 13. Let d be a(6). Suppose -d*z + 3*k + 116 = 0, -2*k + 0*k = 2*z - 40. What is the tens digit of z?
2
Let r = 11 - -51. What is the tens digit of r?
6
Let x be 0*2/(-4)*1. Suppose x = 3*f + 2*f - 75. What is the tens digit of f?
1
Let n(q) = q**2 - 2*q - 3*q - 2*q**2 + 7 - 2. What is the units digit of n(-5)?
5
Let u(y) = -2*y + y + 12 - 6. Let x be u(5). Suppose -x - 1 = -2*a. What is the units digit of a?
1
Suppose -31 = -4*x - 4*l + 3*l, 17 = 2*x - l. What is the units digit of (x/24)/(1/12)?
4
Let h = 205 - 116. What is the tens digit of h?
8
Suppose -3*i + 343 = 67. Let w = -53 + i. What is the units digit of w?
9
Suppose -40 = -5*f + 30. Suppose k + 14 = 5*g, g = -2 + 6. Let s = f - k. What is the units digit of s?
8
Let w(a) = a**3 - a**2 + 4. Suppose -5*q + 4 = -j, -4*j + 0 = 2*q + 16. Let d be w(q). Let g = d - 3. What is the units digit of g?
1
Suppose -10 = -2*s - 4. Suppose 0*r + s = r. What is the units digit of r?
3
Let a = 15 - -15. Suppose 2*q + 4*i + 52 = 6*q, 2*i = -5*q + a. What is the units digit of q?
8
What is the units digit of 25/10*(-12)/(-5)?
6
Let u be 25/3 - 2/6. Suppose 3*w - u = w. What is the units digit of w?
4
Let y(z) = -11*z**3 - z**2 - z. What is the tens digit of y(-2)?
8
Suppose 0 = 3*i - i - 6. Suppose -10 = s - i*s. What is the units digit of 